{"id":31,"date":"2025-04-01T20:02:21","date_gmt":"2025-04-01T23:02:21","guid":{"rendered":"https:\/\/www.ce.ufpb.br\/gepebio\/?page_id=31"},"modified":"2026-01-06T15:02:42","modified_gmt":"2026-01-06T18:02:42","slug":"extensao","status":"publish","type":"page","link":"https:\/\/www.ce.ufpb.br\/gepebio\/projetos\/extensao\/","title":{"rendered":"Extens\u00e3o"},"content":{"rendered":"\n<p><strong>PJ1173-2025 \u2013<\/strong>&nbsp;Pressupostos te\u00f3ricos, metodol\u00f3gicos e pr\u00e1ticos da Educa\u00e7\u00e3o Ambiental Cr\u00edtica: a\u00e7\u00f5es e intera\u00e7\u00f5es na forma\u00e7\u00e3o de professores. Link de acesso:&nbsp;<a href=\"https:\/\/sigaa.ufpb.br\/sigaa\/public\/docente\/extensao.jsf\">https:\/\/sigaa.ufpb.br\/sigaa\/public\/docente\/extensao.jsf<\/a><\/p>\n\n\n\n<p><strong>Coordenador:\u00a0<\/strong>Prof. Dr. Dieison Prestes da Silveira;\u00a0<strong>Coordenador Adjunto:<\/strong>\u00a0Prof. Dr. Marsilvio Gon\u00e7alves Pereira;\u00a0<strong>Volunt\u00e1rios\/as:<\/strong> Jo\u00e3o Lucas Raiol de Andrade; Aisla Janale Gomes da Silva; Thaizi Gon\u00e7alves Almeida de Ara\u00fajo; Jonatas Ara\u00fajo Lacerda; Fl\u00e1via Silva Ara\u00fajo dos Santos; Jardielly Sousa Nunes da Silva; Laryssa Elisa de Oliveira Siqueira Mendes; Maiara da Silva Ribeiro; Emilly Victoria Duarte Pinto<\/p>\n","protected":false},"excerpt":{"rendered":"<p>PJ1173-2025 \u2013&nbsp;Pressupostos te\u00f3ricos, metodol\u00f3gicos e pr\u00e1ticos da Educa\u00e7\u00e3o Ambiental Cr\u00edtica: a\u00e7\u00f5es e intera\u00e7\u00f5es na forma\u00e7\u00e3o de professores. Link de acesso:&nbsp;https:\/\/sigaa.ufpb.br\/sigaa\/public\/docente\/extensao.jsf Coordenador:\u00a0Prof. Dr. Dieison Prestes da Silveira;\u00a0Coordenador Adjunto:\u00a0Prof. Dr. Marsilvio Gon\u00e7alves Pereira;\u00a0Volunt\u00e1rios\/as: Jo\u00e3o Lucas Raiol de Andrade; Aisla Janale Gomes da Silva; Thaizi Gon\u00e7alves Almeida de Ara\u00fajo; Jonatas Ara\u00fajo Lacerda; Fl\u00e1via Silva Ara\u00fajo dos Santos; Jardielly [&hellip;]<\/p>\n","protected":false},"author":47,"featured_media":0,"parent":54,"menu_order":0,"comment_status":"closed","ping_status":"closed","template":"","meta":{"footnotes":""},"class_list":["post-31","page","type-page","status-publish","hentry"],"_links":{"self":[{"href":"https:\/\/www.ce.ufpb.br\/gepebio\/wp-json\/wp\/v2\/pages\/31","targetHints":{"allow":["GET"]}}],"collection":[{"href":"https:\/\/www.ce.ufpb.br\/gepebio\/wp-json\/wp\/v2\/pages"}],"about":[{"href":"https:\/\/www.ce.ufpb.br\/gepebio\/wp-json\/wp\/v2\/types\/page"}],"author":[{"embeddable":true,"href":"https:\/\/www.ce.ufpb.br\/gepebio\/wp-json\/wp\/v2\/users\/47"}],"replies":[{"embeddable":true,"href":"https:\/\/www.ce.ufpb.br\/gepebio\/wp-json\/wp\/v2\/comments?post=31"}],"version-history":[{"count":4,"href":"https:\/\/www.ce.ufpb.br\/gepebio\/wp-json\/wp\/v2\/pages\/31\/revisions"}],"predecessor-version":[{"id":89,"href":"https:\/\/www.ce.ufpb.br\/gepebio\/wp-json\/wp\/v2\/pages\/31\/revisions\/89"}],"up":[{"embeddable":true,"href":"https:\/\/www.ce.ufpb.br\/gepebio\/wp-json\/wp\/v2\/pages\/54"}],"wp:attachment":[{"href":"https:\/\/www.ce.ufpb.br\/gepebio\/wp-json\/wp\/v2\/media?parent=31"}],"curies":[{"name":"wp","href":"https:\/\/api.w.org\/{rel}","templated":true}]}}