{"id":19,"date":"2025-04-01T20:01:15","date_gmt":"2025-04-01T23:01:15","guid":{"rendered":"https:\/\/www.ce.ufpb.br\/gepebio\/?page_id=19"},"modified":"2025-05-08T19:43:02","modified_gmt":"2025-05-08T22:43:02","slug":"breve-historico","status":"publish","type":"page","link":"https:\/\/www.ce.ufpb.br\/gepebio\/breve-historico\/","title":{"rendered":"Apresenta\u00e7\u00e3o"},"content":{"rendered":"\n<p class=\"has-text-align-center\">O <a href=\"http:\/\/dgp.cnpq.br\/dgp\/espelhogrupo\/458240\" data-type=\"link\" data-id=\"http:\/\/dgp.cnpq.br\/dgp\/espelhogrupo\/458240\">Grupo de Estudos e Pesquisas em Ensino de Biologia, Educa\u00e7\u00e3o Cient\u00edfica e Ambiental (GEPEBio), <\/a>liderado pelo Prof. Dr. Marsilvio Gon\u00e7alves Pereira (DME\/UFPB) tem como inten\u00e7\u00e3o construir, promover, descrever, caracterizar e analisar situa\u00e7\u00f5es did\u00e1ticas de ensino e aprendizagem de biologia e ci\u00eancias, tomando como orienta\u00e7\u00e3o te\u00f3rica a abordagem s\u00f3cio-hist\u00f3rica-cultural; dialogando com referenciais te\u00f3rico-metodol\u00f3gicos do Ensino por Investiga\u00e7\u00e3o, Hist\u00f3ria, Epistemologia e Natureza da Ci\u00eancia no ensino; Alfabetiza\u00e7\u00e3o Cient\u00edfica; Forma\u00e7\u00e3o de Professores; Produ\u00e7\u00e3o de Recursos Did\u00e1ticos e Ambientaliza\u00e7\u00e3o Curricular. As pesquisas v\u00eam sendo direcionadas para alguns focos importantes: a natureza da ci\u00eancia; estado da arte em pesquisas da Educa\u00e7\u00e3o em Ci\u00eancias e Ensino de Biologia; Epistemologia da Ci\u00eancia e Ensino; an\u00e1lise de argumentos; a pr\u00e1tica como componente curricular e a forma\u00e7\u00e3o de professores de ci\u00eancias e biologia; ambientaliza\u00e7\u00e3o curricular em estudos superiores de gradua\u00e7\u00e3o e p\u00f3s-gradua\u00e7\u00e3o e educa\u00e7\u00e3o cient\u00edfica em espa\u00e7os formais e n\u00e3o formais.<\/p>\n","protected":false},"excerpt":{"rendered":"<p>O Grupo de Estudos e Pesquisas em Ensino de Biologia, Educa\u00e7\u00e3o Cient\u00edfica e Ambiental (GEPEBio), liderado pelo Prof. Dr. Marsilvio Gon\u00e7alves Pereira (DME\/UFPB) tem como inten\u00e7\u00e3o construir, promover, descrever, caracterizar e analisar situa\u00e7\u00f5es did\u00e1ticas de ensino e aprendizagem de biologia e ci\u00eancias, tomando como orienta\u00e7\u00e3o te\u00f3rica a abordagem s\u00f3cio-hist\u00f3rica-cultural; dialogando com referenciais te\u00f3rico-metodol\u00f3gicos do Ensino [&hellip;]<\/p>\n","protected":false},"author":47,"featured_media":51,"parent":0,"menu_order":0,"comment_status":"closed","ping_status":"closed","template":"","meta":{"footnotes":""},"class_list":["post-19","page","type-page","status-publish","has-post-thumbnail","hentry"],"_links":{"self":[{"href":"https:\/\/www.ce.ufpb.br\/gepebio\/wp-json\/wp\/v2\/pages\/19","targetHints":{"allow":["GET"]}}],"collection":[{"href":"https:\/\/www.ce.ufpb.br\/gepebio\/wp-json\/wp\/v2\/pages"}],"about":[{"href":"https:\/\/www.ce.ufpb.br\/gepebio\/wp-json\/wp\/v2\/types\/page"}],"author":[{"embeddable":true,"href":"https:\/\/www.ce.ufpb.br\/gepebio\/wp-json\/wp\/v2\/users\/47"}],"replies":[{"embeddable":true,"href":"https:\/\/www.ce.ufpb.br\/gepebio\/wp-json\/wp\/v2\/comments?post=19"}],"version-history":[{"count":3,"href":"https:\/\/www.ce.ufpb.br\/gepebio\/wp-json\/wp\/v2\/pages\/19\/revisions"}],"predecessor-version":[{"id":65,"href":"https:\/\/www.ce.ufpb.br\/gepebio\/wp-json\/wp\/v2\/pages\/19\/revisions\/65"}],"wp:featuredmedia":[{"embeddable":true,"href":"https:\/\/www.ce.ufpb.br\/gepebio\/wp-json\/wp\/v2\/media\/51"}],"wp:attachment":[{"href":"https:\/\/www.ce.ufpb.br\/gepebio\/wp-json\/wp\/v2\/media?parent=19"}],"curies":[{"name":"wp","href":"https:\/\/api.w.org\/{rel}","templated":true}]}}