{"id":26,"date":"2025-03-13T13:12:03","date_gmt":"2025-03-13T13:12:03","guid":{"rendered":"https:\/\/www.ce.ufpb.br\/gedeac\/?page_id=26"},"modified":"2025-03-31T18:35:44","modified_gmt":"2025-03-31T18:35:44","slug":"banco-eac","status":"publish","type":"page","link":"https:\/\/www.ce.ufpb.br\/gedeac\/banco-eac\/","title":{"rendered":"Banco EAC"},"content":{"rendered":"\n<p><\/p>\n\n\n\n<p>As a\u00e7\u00f5es para a composi\u00e7\u00e3o do Banco de Disserta\u00e7\u00f5es e Teses em Educa\u00e7\u00e3o Ambiental Cr\u00edtica est\u00e1 em processo de mapeamento e sistematiza\u00e7\u00e3o pelos integrantes do GEDEAC\/UFPB<\/p>\n\n\n\n<pre class=\"wp-block-code\"><code><\/code><\/pre>\n\n\n\n<p><\/p>\n","protected":false},"excerpt":{"rendered":"<p>As a\u00e7\u00f5es para a composi\u00e7\u00e3o do Banco de Disserta\u00e7\u00f5es e Teses em Educa\u00e7\u00e3o Ambiental Cr\u00edtica est\u00e1 em processo de mapeamento e sistematiza\u00e7\u00e3o pelos integrantes do GEDEAC\/UFPB<\/p>\n","protected":false},"author":63,"featured_media":0,"parent":0,"menu_order":0,"comment_status":"closed","ping_status":"closed","template":"","meta":{"footnotes":""},"class_list":["post-26","page","type-page","status-publish","hentry"],"_links":{"self":[{"href":"https:\/\/www.ce.ufpb.br\/gedeac\/wp-json\/wp\/v2\/pages\/26","targetHints":{"allow":["GET"]}}],"collection":[{"href":"https:\/\/www.ce.ufpb.br\/gedeac\/wp-json\/wp\/v2\/pages"}],"about":[{"href":"https:\/\/www.ce.ufpb.br\/gedeac\/wp-json\/wp\/v2\/types\/page"}],"author":[{"embeddable":true,"href":"https:\/\/www.ce.ufpb.br\/gedeac\/wp-json\/wp\/v2\/users\/63"}],"replies":[{"embeddable":true,"href":"https:\/\/www.ce.ufpb.br\/gedeac\/wp-json\/wp\/v2\/comments?post=26"}],"version-history":[{"count":8,"href":"https:\/\/www.ce.ufpb.br\/gedeac\/wp-json\/wp\/v2\/pages\/26\/revisions"}],"predecessor-version":[{"id":104,"href":"https:\/\/www.ce.ufpb.br\/gedeac\/wp-json\/wp\/v2\/pages\/26\/revisions\/104"}],"wp:attachment":[{"href":"https:\/\/www.ce.ufpb.br\/gedeac\/wp-json\/wp\/v2\/media?parent=26"}],"curies":[{"name":"wp","href":"https:\/\/api.w.org\/{rel}","templated":true}]}}