{"id":34,"date":"2025-02-27T21:27:07","date_gmt":"2025-02-27T21:27:07","guid":{"rendered":"https:\/\/www.ce.ufpb.br\/dfe\/?page_id=34"},"modified":"2025-02-27T21:31:05","modified_gmt":"2025-02-27T21:31:05","slug":"academico","status":"publish","type":"page","link":"https:\/\/www.ce.ufpb.br\/dfe\/academico\/","title":{"rendered":"Acad\u00eamico"},"content":{"rendered":"\n<p><a href=\"https:\/\/sigaa.ufpb.br\/sigaa\/public\/departamento\/professores.jsf?id=1387\">Corpo Docente<\/a> <\/p>\n\n\n\n<p><a href=\"https:\/\/sigaa.ufpb.br\/sigaa\/public\/departamento\/componentes.jsf?id=1387\">Componentes Curriculares<\/a><\/p>\n\n\n\n<p><a href=\"https:\/\/www.prg.ufpb.br\/prg\/codesc\/documentos\/calendario-academico\">Calend\u00e1rio acad\u00eamico<\/a><\/p>\n\n\n\n<p><a href=\"https:\/\/sigaa.ufpb.br\/sigaa\/public\/departamento\/extensao.jsf?id=1387\">Projetos de extens\u00e3o<\/a><\/p>\n\n\n\n<p><a href=\"https:\/\/sigaa.ufpb.br\/sigaa\/public\/departamento\/pesquisa.jsf?id=1387\">Projetos de pesquisa<\/a><\/p>\n\n\n\n<p><a href=\"https:\/\/sigaa.ufpb.br\/sigaa\/public\/departamento\/monitoria.jsf?id=1387\">Projetos de monitoria<\/a><\/p>\n\n\n\n<p><\/p>\n","protected":false},"excerpt":{"rendered":"<p>Corpo Docente Componentes Curriculares Calend\u00e1rio acad\u00eamico Projetos de extens\u00e3o Projetos de pesquisa Projetos de monitoria<\/p>\n","protected":false},"author":47,"featured_media":0,"parent":0,"menu_order":0,"comment_status":"closed","ping_status":"closed","template":"","meta":{"footnotes":""},"class_list":["post-34","page","type-page","status-publish","hentry"],"_links":{"self":[{"href":"https:\/\/www.ce.ufpb.br\/dfe\/wp-json\/wp\/v2\/pages\/34","targetHints":{"allow":["GET"]}}],"collection":[{"href":"https:\/\/www.ce.ufpb.br\/dfe\/wp-json\/wp\/v2\/pages"}],"about":[{"href":"https:\/\/www.ce.ufpb.br\/dfe\/wp-json\/wp\/v2\/types\/page"}],"author":[{"embeddable":true,"href":"https:\/\/www.ce.ufpb.br\/dfe\/wp-json\/wp\/v2\/users\/47"}],"replies":[{"embeddable":true,"href":"https:\/\/www.ce.ufpb.br\/dfe\/wp-json\/wp\/v2\/comments?post=34"}],"version-history":[{"count":1,"href":"https:\/\/www.ce.ufpb.br\/dfe\/wp-json\/wp\/v2\/pages\/34\/revisions"}],"predecessor-version":[{"id":35,"href":"https:\/\/www.ce.ufpb.br\/dfe\/wp-json\/wp\/v2\/pages\/34\/revisions\/35"}],"wp:attachment":[{"href":"https:\/\/www.ce.ufpb.br\/dfe\/wp-json\/wp\/v2\/media?parent=34"}],"curies":[{"name":"wp","href":"https:\/\/api.w.org\/{rel}","templated":true}]}}