{"id":15,"date":"2025-04-15T15:27:52","date_gmt":"2025-04-15T15:27:52","guid":{"rendered":"https:\/\/www.ce.ufpb.br\/deb\/?page_id=15"},"modified":"2025-04-16T14:36:18","modified_gmt":"2025-04-16T17:36:18","slug":"apresentacao","status":"publish","type":"page","link":"https:\/\/www.ce.ufpb.br\/debas\/apresentacao\/","title":{"rendered":"Apresenta\u00e7\u00e3o"},"content":{"rendered":"\n<p class=\"has-medium-font-size\">Sejam bem-vindos \u00e0 p\u00e1gina web do Departamento de Educa\u00e7\u00e3o B\u00e1sica!<\/p>\n\n\n\n<p class=\"has-medium-font-size\">Unidade org\u00e2nica de ensino, pesquisa e extens\u00e3o na \u00e1rea da Educa\u00e7\u00e3o Infantil e anos iniciais do Ensino Fundamental, onde atuam docentes da Carreira do Ensino B\u00e1sico, T\u00e9cnico e Tecnol\u00f3gico (EBTT).<\/p>\n\n\n\n<p class=\"has-medium-font-size\"><strong>E-mail: debas@ce.ufpb.br<\/strong><\/p>\n\n\n\n<div class=\"wp-block-file\"><a id=\"wp-block-file--media-1e154e47-654a-4b36-9bb5-ef16c55e64b3\" href=\"https:\/\/www.ce.ufpb.br\/debas\/wp-content\/uploads\/sites\/138\/sites\/288\/2025\/04\/ACFrOgDgyp1klST59ijpg6Rq6QH_cg6C9eID2D6nPP7GdjyzmflFJ5tIkP8tSLeLtDEumRklHyL5QLY0nhykgqd3wQG5lQthCiO4cFJ4mL9exDMo58zL2D6V5sd6_EG7oY2-9TSvEvcZPnFKtdxZ.pdf\">Resolu\u00e7\u00e3o 01\/2025<\/a><a href=\"https:\/\/www.ce.ufpb.br\/debas\/wp-content\/uploads\/sites\/138\/sites\/288\/2025\/04\/ACFrOgDgyp1klST59ijpg6Rq6QH_cg6C9eID2D6nPP7GdjyzmflFJ5tIkP8tSLeLtDEumRklHyL5QLY0nhykgqd3wQG5lQthCiO4cFJ4mL9exDMo58zL2D6V5sd6_EG7oY2-9TSvEvcZPnFKtdxZ.pdf\" class=\"wp-block-file__button wp-element-button\" download aria-describedby=\"wp-block-file--media-1e154e47-654a-4b36-9bb5-ef16c55e64b3\">Baixar<\/a><\/div>\n\n\n\n<p><\/p>\n","protected":false},"excerpt":{"rendered":"<p>Unidade org\u00e2nica de ensino, pesquisa e extens\u00e3o na \u00e1rea da Educa\u00e7\u00e3o Infantil e anos iniciais do Ensino Fundamental, onde atuam Professores\/as da Carreira do Ensino B\u00e1sico, T\u00e9cnico e Tecnol\u00f3gico (EBTT).<\/p>\n","protected":false},"author":47,"featured_media":16,"parent":0,"menu_order":0,"comment_status":"closed","ping_status":"closed","template":"","meta":{"footnotes":""},"class_list":["post-15","page","type-page","status-publish","has-post-thumbnail","hentry"],"_links":{"self":[{"href":"https:\/\/www.ce.ufpb.br\/debas\/wp-json\/wp\/v2\/pages\/15","targetHints":{"allow":["GET"]}}],"collection":[{"href":"https:\/\/www.ce.ufpb.br\/debas\/wp-json\/wp\/v2\/pages"}],"about":[{"href":"https:\/\/www.ce.ufpb.br\/debas\/wp-json\/wp\/v2\/types\/page"}],"author":[{"embeddable":true,"href":"https:\/\/www.ce.ufpb.br\/debas\/wp-json\/wp\/v2\/users\/47"}],"replies":[{"embeddable":true,"href":"https:\/\/www.ce.ufpb.br\/debas\/wp-json\/wp\/v2\/comments?post=15"}],"version-history":[{"count":8,"href":"https:\/\/www.ce.ufpb.br\/debas\/wp-json\/wp\/v2\/pages\/15\/revisions"}],"predecessor-version":[{"id":60,"href":"https:\/\/www.ce.ufpb.br\/debas\/wp-json\/wp\/v2\/pages\/15\/revisions\/60"}],"wp:featuredmedia":[{"embeddable":true,"href":"https:\/\/www.ce.ufpb.br\/debas\/wp-json\/wp\/v2\/media\/16"}],"wp:attachment":[{"href":"https:\/\/www.ce.ufpb.br\/debas\/wp-json\/wp\/v2\/media?parent=15"}],"curies":[{"name":"wp","href":"https:\/\/api.w.org\/{rel}","templated":true}]}}