{"id":16,"date":"2024-07-03T21:15:36","date_gmt":"2024-07-03T21:15:36","guid":{"rendered":"https:\/\/www.ce.ufpb.br\/bce2\/?page_id=16"},"modified":"2024-07-03T21:15:36","modified_gmt":"2024-07-03T21:15:36","slug":"projetos-de-extensao","status":"publish","type":"page","link":"https:\/\/www.ce.ufpb.br\/bce\/projetos-de-extensao\/","title":{"rendered":"Projetos de Extens\u00e3o"},"content":{"rendered":"\n<p>Projetos &#8211; 2021<\/p>\n\n\n\n<figure class=\"wp-block-table\"><table><tbody><tr><td><strong>T\u00edtulo<\/strong><\/td><td><strong>Coordena\u00e7\u00e3o\/Equipe<\/strong><\/td><td><strong>Estudantes (Bolsistas e volunt\u00e1rios)<\/strong><\/td><td><strong>Objetivos<\/strong><\/td><td><strong>Contatos\/M\u00eddias<\/strong><\/td><\/tr><tr><td><strong>Contar e cantar hist\u00f3rias<\/strong>: leitura, sons e ritmos na inf\u00e2ncia<\/td><td>Coordenadora: Maria Aparecida V. Afonso (DEC)Colaboradoras:&nbsp;Maria Claurenia A. de A. Silveira (DME);&nbsp;Maria Teresa B. F. Coelho (DFE)Colaboradores externos:&nbsp;El\u00eddio Nhamona;&nbsp;Soraya Maria B. de A. Brand\u00e3o<\/td><td>Ana Roberta da Silva;&nbsp;Carolina Stella S.de Barros;&nbsp;Luana da C. Santos; Lucas Gabriel C. Gon\u00e7alves; Rayanne Priscilla da S. P.Soares (volunt\u00e1rios)&nbsp;e Geibson Emanuel S.Nanes de Siqueira (bolsista)<\/td><td>Incentivar as crian\u00e7as a&nbsp; express\u00e3o corporal, a escuta e a musicalidade por meio das a\u00e7\u00f5es de contar e cantar hist\u00f3rias e proporcionar a forma\u00e7\u00e3o dos\/as graduandos\/as extensionistas, desenvolvendo uma vis\u00e3o l\u00fadica da a\u00e7\u00e3o pedag\u00f3gica com crian\u00e7as na educa\u00e7\u00e3o infantil.<\/td><td>Google Meet, Instagram, Youtube, WhatsApp<\/td><\/tr><tr><td><strong>Brincadeiras africanas<\/strong>: mem\u00f3ria, oralidade e ancestralidade na afirma\u00e7\u00e3o das identidades afro-brasileiras<\/td><td>Coordenadora:&nbsp;Alba Claide C. Wanderley (DFE)Coordenadora adjunta:&nbsp;Roseane Maria de Amorim (DFE)Colaboradora:&nbsp;Ana Roberta S. Mota (Bibliotec\u00e1ria)Colaboradora Externa:&nbsp;Rose Mary DE S. Ara\u00fajo<\/td><td>L\u00e1zaro C\u00e9sar da Silva (bolsista) e&nbsp;Maria da Conceic\u00e3o P. A. Teofanes&nbsp;(volunt\u00e1ria)<\/td><td>Propiciar a apresenta\u00e7\u00e3o das brincadeiras africanas, na vis\u00e3o afroc\u00eantrica, como elemento de constru\u00e7\u00e3o da identidade infantil.<\/td><td><a href=\"https:\/\/www.instagram.com\/afro_brincar\">Instagram<\/a><\/td><\/tr><tr><td><strong>Entre viv\u00eancias e falas<\/strong>: a cultura afro-brasileira e os espa\u00e7os do brincar<\/td><td>Coordenadora:&nbsp;&nbsp;Tha\u00eds Oliveira de Souza (DFE)Coordenadora Adjunta: Ana Paula R. de S. Ferreira (DHP)<\/td><td>Mikael Freitas da Silva (Bolsista);&nbsp;Henrique P. dos A. Castilho (volunt\u00e1rio)<\/td><td>Desenvolver atividades que proporcionem a transmiss\u00e3o e discuss\u00e3o do conhecimento acerca da Cultura Afro-brasileira em um contexto de Brinquedoteca, produzindo conte\u00fados por meio das Tecnologias de Informa\u00e7\u00e3o e Comunica\u00e7\u00e3o \u2013 TICs.<\/td><td><a href=\"https:\/\/www.instagram.com\/praticaseducativasgrio\">Instagram<\/a>GoogleMeet<a href=\"mailto:praticaseducativasgrio@gmail.com\">E-mail<\/a><\/td><\/tr><tr><td><strong>Conta\u00e7\u00e3o de hist\u00f3rias<\/strong>: promovendo a imagina\u00e7\u00e3o infantil e a forma\u00e7\u00e3o docente<\/td><td>Coordenadora:&nbsp;Maria Teresa Barros F. Coelho (DFE)Colaboradoras:&nbsp;Maria Aparecida V. Afonso (DEC);&nbsp;Keilla Rebeka S. O. de Freitas (DFE);Colaboradora externa:&nbsp;Thamyris Mariana C. Mandu (UFPE)Professoras ministrantes:&nbsp;Anna B.&nbsp;C. C. Chaves (FPS) e&nbsp;Adriana P. Lopes (CREI Roberta Rodrigues Tavares)<\/td><td>Victor Flavio A. Palma (Bolsista);&nbsp;Ester Balbina Barbosa;&nbsp;Alana Evellyn da S. Almeida;&nbsp;Wendrielly Sousa da Silva&nbsp;(volunt\u00e1rios)<\/td><td>Promover o uso da conta\u00e7\u00e3o de hist\u00f3rias como recurso did\u00e1tico-metodol\u00f3gico no atendimento \u00e0s crian\u00e7as vinculadas \u00e0 Brinquedoteca do Centro de Educa\u00e7\u00e3o (CE\/UFPB), e\/ou matriculadas na Escola Educa\u00e7\u00e3o B\u00e1sica da Universidade Federal da Para\u00edba (EEBAS\/UFPB), al\u00e9m de crian\u00e7as de outras institui\u00e7\u00f5es de Educa\u00e7\u00e3o B\u00e1sica.<\/td><td><a href=\"https:\/\/www.instagram.com\/oficinasdecontacao\">Instagram<\/a><\/td><\/tr><\/tbody><\/table><\/figure>\n\n\n\n<p>Projetos &#8211; 2020<\/p>\n\n\n\n<figure class=\"wp-block-table\"><table><tbody><tr><td><\/td><td><strong>Projeto<\/strong><\/td><td><strong>Objetivo<\/strong><\/td><td><strong>Coordena\u00e7\u00e3o<\/strong><\/td><td><strong>Contato<\/strong><\/td><\/tr><tr><td><img decoding=\"async\" src=\"http:\/\/plone.ufpb.br\/bce\/contents\/imagens\/projeto3.jpeg\/@@images\/a3eeacbc-522e-4ab9-b470-d9514393113f.jpeg\" alt=\"Projeto3.jpeg\"><\/td><td>FLUEX (PJ012-2020):&nbsp;\u201cVoluntariado e tutoria entre pares na Brinquedoteca: ampliando contextos de forma\u00e7\u00e3o docente\u201d.<\/td><td>Visa dar continuidade ao processo de forma\u00e7\u00e3o dos estudantes engajado(a)s como estagi\u00e1rios e volunt\u00e1rios nas atividades da Brinquedoteca.<\/td><td>Prof\u00aa. Dr\u00aa. Maria Teresa Barros Falc\u00e3o Coelho<\/td><td>&nbsp;<a href=\"https:\/\/www.instagram.com\/familiasbrincantes\/\">Instagram<\/a><\/td><\/tr><tr><td><img decoding=\"async\" src=\"http:\/\/plone.ufpb.br\/bce\/contents\/imagens\/projeto1.jpg\/@@images\/4a310f28-6c7c-4c9f-8479-a873594bb6f4.jpeg\" alt=\"Projeto1.jpg\"><\/td><td>PROBEX (PJ135-2020):&nbsp;\u201dBrincadeiras africanas: mem\u00f3ria, oralidade e ancestralidade na afirma\u00e7\u00e3o das identidades afro-brasileiras\u201d.<\/td><td>Proporcionar apresenta\u00e7\u00e3o de brincadeiras africanas, na vis\u00e3o afrocentrica, como elemento de constru\u00e7\u00e3o da identidade infantil.&nbsp;<\/td><td>Prof\u00aa. Dr\u00aa. Alba Cleide Calado Wanderley&nbsp;<\/td><td><a href=\"https:\/\/www.instagram.com\/afro_brincar\/\">Instagram<\/a><\/td><\/tr><tr><td><img decoding=\"async\" src=\"http:\/\/plone.ufpb.br\/bce\/contents\/imagens\/projeto5.jpeg\/@@images\/706ed434-1f26-40fb-8333-e31f7dc83014.jpeg\" alt=\"Projeto5.jpeg\"><\/td><td>PROBEX (PJ206-2020)&nbsp;\u201cSeres brincantes: oficinas l\u00fadicas com crian\u00e7as usu\u00e1rias da Brinquedoteca do CE-UFPB\u201d<\/td><td>Planejamento, execu\u00e7\u00e3o e avalia\u00e7\u00e3o de atividades l\u00fadicas realizadas para e com as crian\u00e7as atendidas pela brinquedoteca, ap\u00f3s processo de forma\u00e7\u00e3o te\u00f3rica-metodol\u00f3gica e conhecimento da din\u00e2mica de atividades desenvolvidas nesse espa\u00e7o, por parte de estudantes de Pedagogia e Licenciaturas.<\/td><td>Prof\u00aa. Dr\u00aa. Blenda Carine Dantas de Medeiros<\/td><td>&nbsp;<a href=\"https:\/\/www.instagram.com\/seresbrincantes\/\">Instagram<\/a><\/td><\/tr><tr><td><img decoding=\"async\" src=\"http:\/\/plone.ufpb.br\/bce\/contents\/imagens\/projeto.jpeg\/@@images\/e551b335-0e76-42e9-9711-396f7e2f771b.jpeg\" alt=\"Projeto.jpeg\"><\/td><td>PROBEX (PJ225-2020)&nbsp;&#8220;Brinquedoteca Universit\u00e1ria: a brincadeira como ferramenta para a promo\u00e7\u00e3o do desenvolvimento infantil e para a forma\u00e7\u00e3o de professores&#8221;<\/td><td>Acompanhar as atividades desenvolvidas na Brinquedoteca por meio da supervis\u00e3o acad\u00eamica de estagi\u00e1rios e volunt\u00e1rios que atuam no laborat\u00f3rio.<\/td><td>Prof\u00aa. Dr\u00aa. C\u00e1rita Portilho de Lima<\/td><td><a href=\"https:\/\/www.instagram.com\/brincaraprenderensinar_ufpb\/\">Instagram<\/a><\/td><\/tr><tr><td><strong><\/strong><\/td><td>PROBEX (PJ633-2020)&nbsp;&#8220;Entre Viv\u00eancias e Falas: a Cultura Afro-brasileira na Brinquedoteca&#8221;&nbsp;<\/td><td>Desenvolver atividades que proporcionem a transmiss\u00e3o, produ\u00e7\u00e3o e discuss\u00e3o do conhecimento acerca da Cultura Afro-brasileira no contexto da Brinquedoteca.&nbsp;<\/td><td>Prof\u00aa. Dr\u00aa. Tha\u00eds Oliveira de Souza<\/td><td><a href=\"https:\/\/www.instagram.com\/praticaseducativasgrio\/\">Instagram<\/a><\/td><\/tr><tr><td><img decoding=\"async\" src=\"http:\/\/plone.ufpb.br\/bce\/contents\/imagens\/projeto2.jpeg\/@@images\/9cf56b62-9164-4475-a5ec-9e4918f132a7.jpeg\" alt=\"Projeto2.jpeg\"><\/td><td>PROBEX (PJ548-2020)&nbsp;\u201cOficinas de conta\u00e7\u00e3o de hist\u00f3rias: a brinquedoteca como contexto de desenvolvimento infantil e forma\u00e7\u00e3o docente\u201d<\/td><td>Promover o uso da conta\u00e7\u00e3o de hist\u00f3rias como recurso did\u00e1tico-metodol\u00f3gico no atendimento \u00e0s crian\u00e7as usu\u00e1rias da Brinquedoteca do Centro de Educa\u00e7\u00e3o (CE).<strong>&nbsp;<\/strong><\/td><td>Prof\u00aa. Dr.\u00aa Maria Teresa Barros Falc\u00e3o Coelho.&nbsp;<\/td><td><strong>&nbsp;<\/strong><a href=\"https:\/\/www.instagram.com\/oficinasdecontacao\/\">Instagram<\/a><\/td><\/tr><\/tbody><\/table><\/figure>\n","protected":false},"excerpt":{"rendered":"<p>Projetos &#8211; 2021 T\u00edtulo Coordena\u00e7\u00e3o\/Equipe Estudantes (Bolsistas e volunt\u00e1rios) Objetivos Contatos\/M\u00eddias Contar e cantar hist\u00f3rias: leitura, sons e ritmos na inf\u00e2ncia Coordenadora: Maria Aparecida V. Afonso (DEC)Colaboradoras:&nbsp;Maria Claurenia A. de A. Silveira (DME);&nbsp;Maria Teresa B. F. Coelho (DFE)Colaboradores externos:&nbsp;El\u00eddio Nhamona;&nbsp;Soraya Maria B. de A. Brand\u00e3o Ana Roberta da Silva;&nbsp;Carolina Stella S.de Barros;&nbsp;Luana da C. Santos; [&hellip;]<\/p>\n","protected":false},"author":47,"featured_media":0,"parent":0,"menu_order":0,"comment_status":"closed","ping_status":"closed","template":"","meta":{"footnotes":""},"class_list":["post-16","page","type-page","status-publish","hentry"],"_links":{"self":[{"href":"https:\/\/www.ce.ufpb.br\/bce\/wp-json\/wp\/v2\/pages\/16","targetHints":{"allow":["GET"]}}],"collection":[{"href":"https:\/\/www.ce.ufpb.br\/bce\/wp-json\/wp\/v2\/pages"}],"about":[{"href":"https:\/\/www.ce.ufpb.br\/bce\/wp-json\/wp\/v2\/types\/page"}],"author":[{"embeddable":true,"href":"https:\/\/www.ce.ufpb.br\/bce\/wp-json\/wp\/v2\/users\/47"}],"replies":[{"embeddable":true,"href":"https:\/\/www.ce.ufpb.br\/bce\/wp-json\/wp\/v2\/comments?post=16"}],"version-history":[{"count":1,"href":"https:\/\/www.ce.ufpb.br\/bce\/wp-json\/wp\/v2\/pages\/16\/revisions"}],"predecessor-version":[{"id":17,"href":"https:\/\/www.ce.ufpb.br\/bce\/wp-json\/wp\/v2\/pages\/16\/revisions\/17"}],"wp:attachment":[{"href":"https:\/\/www.ce.ufpb.br\/bce\/wp-json\/wp\/v2\/media?parent=16"}],"curies":[{"name":"wp","href":"https:\/\/api.w.org\/{rel}","templated":true}]}}